
What is the value of (47 - 56 - 11) + 40?
20
Calculate (9 - (-1 + -1)) + (-157 - (-194 - -41)) + 77.
84
Calculate -43 - (3 + -2 - -6 - (16 - (-6 + 14))).
-42
What is 72 + (-1 - 6) - (-27 + 29 - (-12 + 4))?
55
What is the value of -10 - -13 - 16 - (114 - 132)?
5
Calculate -5 + (42 - -6) - (22 + -24) - (5 + 4).
36
What is (-25 - -14 - -11) + -6 + -2 + -13?
-21
Evaluate 95 - (-28 + -8 - -82).
49
What is (12 - -2) + (-2 - -2) + -2 - (47115 + -47104)?
1
What is the value of 1 + 11 - (-725 - -735) - (-1 - (-10 - -2))?
-5
What is -7 + 15 + (2 - (-10 - -14) - -6) - 38?
-26
Evaluate -9 - -1 - ((-59 - (-17 + -6 + 23)) + -2).
53
Evaluate (-2 - -1) + (-4 - 7) - (1194 - 1217).
11
What is the value of -5 - (-23 - (61 - 56))?
23
What is the value of 632 + -626 + 2 + (3 - (1 - -27))?
-17
What is the value of (-30 - -43) + (-5 - 1) + 3 - (0 - 20)?
30
What is the value of 31 + (-2 - 0) - ((-128 - -126) + -3 + 13)?
21
What is -7 + -3 + -6 + (0 - 0) + -373 + 406?
17
(-187 + 91 + 108 - ((1 - -34) + 0)) + -3
-26
-698 + 626 + 16 - (1 - (1 + -1 - -12))
-45
What is 23 + (-17 - (1 - (-22 - -22)))?
5
Calculate 24 + -18 + -24 - -8 - -2.
-8
Evaluate -101 - -50 - -18 - (0 + 13 + 2).
-48
Evaluate 0 + -10 + (717 - 656) + 30.
81
-5 + -7 + (-27 - -31) + 0 + -16
-24
(-2 - (-1 - 38)) + -5 + 5 + 0 + -15
22
Evaluate -35 + 10 + -12 - (41 + -32).
-46
What is 4 - 14 - (14 - 90 - (6 + -5 + -8))?
59
What is the value of 82 - 159 - -85 - (11 - -4)?
-7
What is -38 + 73 + (-2 - 51)?
-18
Calculate (-390 - -465) + (-27 - -5 - -5 - 3).
55
Calculate 89 - (81 + -13) - -5.
26
Evaluate 6 + 0 - (-31 + 48 - (-3 + 3)).
-11
Calculate -30 + (-651 - -605 - (-79 - -1)).
2
What is the value of 57 - (14 + 38 + -28)?
33
What is -1 + (5 - (-5 - -94)) - (-24 + 16 - -7)?
-84
0 + -2 + 41 - (2 + -7 + (-757 - -768))
33
Evaluate -9 - (-12 - (13 - (14 - 5 - (9 + -4)))).
12
What is the value of 0 + (-81 - (-2 + 3) - (-268 - -257))?
-71
Evaluate 0 - -57 - 16 - 2.
39
Evaluate -56 - -129 - (16 - -27).
30
-9 + (-3 - -7) - (-74 + 72 + (-8 - -1))
4
What is (1952 - 1948) + -75 + 1 + 1 + -1?
-70
What is the value of 5 - (-54 + 92) - -47?
14
11 - (-9 + 9 + (4 - 1 - (-10 + 4)))
2
What is (40 - 26) + 63 + (-45 - -18)?
50
Calculate -1 + -17 + (3 + -6 - (26 - 38)) + 90.
81
Evaluate -18 + 28 + 59 + -103.
-34
Calculate (3 - -5) + -23 + 37 + -22 + (0 - -33).
33
What is the value of 2 + -20 + (-81 - 6 - -109)?
4
(-135 - 1 - (-40 + 15)) + 1 + 6 - -9
-95
Evaluate -1 + -4 + 15 - (-2353 - -2365).
-2
Calculate 14 - 3 - (34 + 39 + -49).
-13
What is the value of -11 - -56 - (3 - (7 + 7))?
56
Evaluate (-48 - -96 - (12 - 5)) + 10.
51
Evaluate (18 - 6) + -55 + 38 - (28 + 2).
-35
Calculate 30 + 56 + -34 + -65.
-13
Calculate (112 - -142 - 72) + -98.
84
What is the value of (10 + 1 - (-12 - (-37 + 29) - -8)) + -83?
-76
(-14 - 97 - (-2 + 2 + -1)) + (-5415 - -5429)
-96
Calculate 26 - (-4 - -17) - ((11 - 6 - -46) + -2).
-36
What is the value of 56 + (-7 - -48) + -160?
-63
(-2 - (-2 + 0)) + -11 - (8032 + -8038)
-5
-13 + -2 + 8 - (3 + 4 + -8 + -3)
-3
Calculate 69 - (96 + -95 + (14 - 2) + 5).
51
What is the value of -20 - (-32 + 25 - (1 + (7 - (-6 - -8))))?
-7
42 - ((-1 - (-7 - -9 - -1)) + (8 - -3))
35
-148 + 156 - ((1 - -1) + (-7 - (-72 + 10)))
-49
What is -3 + 1 - 28 - (43 - 53)?
-20
What is the value of (26 + -2 - (0 - 6)) + (-14 - (-1 - 2))?
19
Evaluate (-9 - -4) + 10 - -74 - -9.
88
(16 - (-29 - (1 - 10))) + 10
46
Evaluate 8 - ((1 - 0) + 12 + 0 + -27 + 19).
3
Calculate 104 - (90 + (-69 - 28) - (-5 - (0 + -2))).
108
Calculate (78 + -93 - (2 - 19)) + (1 - 23 - -5).
-15
Evaluate 4 - (-49 + 111) - (-15 - (-11 - -5)).
-49
-4533 + 4565 + (1 - 11)
22
-4 - (-22 + 26 + 1) - 7 - -87
71
What is the value of -11 + (0 + -10 - (-140 + (17 - -20) - -25))?
57
What is the value of -1 - -5 - ((10 - 6) + 11) - 52?
-63
What is 112 + -92 - (-5 - -2) - -11?
34
Calculate -155 + 10 - -111 - -62.
28
-19 - (88 + -80 - 5)
-22
(-8 - (-21 + 29 + -4)) + 56
44
(8 - 1 - 19) + 7 + -8 + 4 + 68
59
What is the value of -1 + -85 + -1 + ((-16 - 4) + 27 - 2)?
-82
What is the value of (1 - -23) + (0 - (-15 + 25 + -12)) + 7?
33
What is the value of -14 + 0 - (-66 - (-8 - (5 + 12)))?
27
Calculate 87 - (-21 + -11 + 47 + -16 - (-11 + -1)).
76
Evaluate (-70 - -66) + (2 + -5 - (2 + 1)) + -75.
-85
What is -384 - -368 - (-21 - (2 - 4))?
3
Calculate (-502 + 502 - ((1 - 2) + 11)) + 44.
34
What is (110 - (51 + 63)) + 2 + -33?
-35
What is the value of (-21 - -40 - -23) + -75 - 101?
-134
20 - 6 - (58 - (22 + -43))
-65
What is -1 - 50 - 4 - (-39 - (9 + -26))?
-33
What is the value of (63 - 2 - -29 - (1 - -13)) + -16?
60
What is (-44 - (-27 + 15 + 9 + 3)) + (5 - 0)?
-39
120 - (71 + -140 + 150)
39
Evaluate 91 - (100 - -67) - -174.
98
-23 + 19 - 15 - ((13 - 31) + -2)
1
Calculate (6 + -24 - -12) + 0 + 9 + 1 + -6.
-2
What is (-98 + -2 - (0 - 16)) + (-15 - -6) + 6?
-87
What is -24 - (31 + 39 + -88 + -4)?
-2
7 + (-5 + -9 - (20 + -10 - 16))
-1
-13 - (-22 + -4 + 49 + -15)
-21
Calculate 1 - -2 - (-22 - (-44 + -1 + -7)).
-27
3 + -1347 + 1357 + (-1 - -16)
28
Evaluate -2 + -6 + 20 - 52 - (6 - 0).
-46
What is -7 - (0 - 1) - (-70 + 14 - (-213 - -106))?
-57
Calculate -52 + (59 + 17 - 7).
17
What is 69 + (-7 - -1) - (-27 + 46)?
44
51 + 14 - 38 - 23
4
Calculate (128 - (-4 - -147)) + 141.
126
What is the value of 30 - (7 - -54) - -22?
-9
What is the value of -14 - -18 - 64 - 12?
-72
What is the value of -98 - (-66 - -18) - ((2 - 1) + 4)?
-55
Calculate 7 + 1 + (-25 - (-25 + 11)) + 7 - 12.
-8
Calculate 0 - -4 - (-124 - (100 - 149)).
79
Calculate -22 + -10 - (-12 - -2 - 24).
2
Evaluate 6 + (-4 - (-2 + 4)) + 9.
9
-65 - (-59 + 77 + -2)
-81
-30 - ((-20 - -67) + -82)
5
Evaluate (-16 - -2) + (39 - -53) + 8 + 3 + 3.
92
(37 - 55) + 55 + -55
-18
What is the value of 14 + -25 + 37 + 27 + -4?
49
Calculate -1368 - -1401 - (129 + 1).
-97
Evaluate -40 + (11 - -28) + 43.
42
What is 18 + -1 + (-93 - -119 - (-34 + 3))?
74
What is -9 - ((25 - 11) + -5 - (30 + -7 - 3))?
2
What is the value of (-87 - (-82 + 61)) + 106?
40
Evaluate -6 + -1 + 20 + -32 - (0 + 21).
-40
Calculate 5 - -94 - (12 - (-19 + (18 - 16) + 26)).
96
What is the value of (4 - 8 - (3 + (0 - 1))) + -394 + 341?
-59
Calculate -509 - -524 - (-1 + 1) - 51.
-36
(128 - (66 + 14)) + 60
108
Evaluate -6 + 16 + -30 + (7 - -10) + (3 - -16).
16
What is the value of 0 - 38 - (17 - (20 - 11))?
-46
What is the value of 2 + -51 - (-58 + 22 + 21 + -1 + 3)?
-36
What is 77 + -3 + -2 + 2 - (-530 - -532)?
72
Evaluate 21 + -113 + (45 - -7).
-40
What is -113 + 25 - (103 + -140)?
-51
What is (2 - 0) + (1 - 0) + -126 - (-6609 + 6600)?
-114
Evaluate (11 - 0) + -4 - (-5 + (7 - 12)) - 4.
13
Calculate -21 + (-30 - (-1 - 15) - -87).
52
What is 74 - (-2 + 14 - (17 + -3 + -16))?
60
Calculate 9 + (30 - 14 - -50) + -4.
71
Calculate 56 - (-25 + 19 + -20 + 56).
26
Evaluate -13 + -1 - 4 - -9 - 54 - (8 - 2).
-69
Evaluate (-7 - (-42 - -46) - 8) + 19.
0
Evaluate -45 - (-111 + (68 - 40)).
38
9 + (-1 - 0) + -11 + 25 + -48
-26
What is the value of 43 - (25 + -113 + 6 + 32)?
93
What is the value of 31 + -225 + -21 - -93?
-122
What is the value of 1 + -3 + (-69 + 171 - 117)?
-17
What is the value of 0 + (16 - 3) - (140 + -139)?
12
Calculate (-86 + 130 - 30) + (0 + -1 - (-1 - 29)).
43
What is the value of 9 - (-8 + 24 + -3) - ((8 - -7) + -36)?
17
(41 - 2) + 1 + (-9 - (-20 + 6)) - 2
43
Calculate -99 + 14 + 32 + (2 - 24).
-75
What is 3 + (1 + 1 + -2 - 4 - (462 - 442))?
-21
Calculate 75 + -12 + 78 + -48.
93
Evaluate (-15 - (-11 + 8 - -7 - 11)) + 1 + -36.
-43
Evaluate 27 - (-14 - (72 - 75 - (1 + 7))).
30
Evaluate 82 + 3 + 3 + -21 + -8 + 28.
87
-6 + (-27 - -25) + 23 + 86 + 2
103
What is 0 + (-5 + 3 - 7) - (21 - -11)?
-41
What is the value of (966 - 992) + 52 + -10?
16
3 + 61 + -1 + 777 + -768
72
What is -6 + 7 + -15 - (13 + -24)?
-3
What is -20 + 0 + 0 + -94 + 88 + 11?
-15
What is the value of -330 + 367 - (1 - -74)?
-38
54 + 49 + -19 + -42
42
What is (1 - (-1 + 0)) + 21 - (-45 + 28 + 10)?
30
(-5 + 0 + -25 + 31 - -1) + -7 - -54
49
Evaluate (460 - 462) + (-25 - 1) + 4 + 1.
-23
What is 0 - ((202 - 239) + 52 + 1 + -2 + -10)?
-4
Calculate (3 - 1) + 39 + (11 - 0) + 244 + -249.
47
What is the value of -227 + (21 - (-122 - -15))?
-99
What is ((2 - -2) + -34 + 28 - (-25 - 2)) + 10?
35
Evaluate (2 - -36) + (-16 - 0) - 94.
-72